. Give u(635).
29
Let o(j) = 2853*j + 1711907. Determine o(-600).
107
Let f(a) = -17*a**3 - 35*a**2 + 457*a + 889. Calculate f(-2).
-29
Let a(b) = 92*b - 27456. Calculate a(298).
-40
Let x(z) = z**3 + 904*z**2 - 1799*z - 809066. Determine x(-905).
4
Let w(z) = -1681*z - 45310. Calculate w(-27).
77
Let w(v) = 2*v**3 + 70*v**2 + 832*v + 25972. Calculate w(-34).
-4
Let r(c) = -325*c - 700. Give r(-2).
-50
Let a(m) = -2*m**2 - 1357*m + 10807. Determine a(8).
-177
Let z(s) = -3*s**3 + 544*s**2 - 2445*s + 25494. Give z(177).
6
Let a(p) = p**3 - 23*p**2 - 1500*p - 311. What is a(52)?
105
Let w(c) = -130*c**3 - 2*c**2 - 9*c - 18. Give w(-2).
1032
Let t(a) = -a**2 - 108*a - 2638. What is t(-79)?
-347
Let b(i) = 12*i**2 - 480*i - 37031. Determine b(-39).
-59
Let g(f) = 6835*f + 738183. What is g(-108)?
3
Let q(t) = t**3 - 141*t**2 - 479*t + 27550. Determine q(143).
-49
Let p(d) = -74*d**2 - 233*d + 1340. Calculate p(3).
-25
Let x(g) = -53235*g - 3194108. Determine x(-60).
-8
Let h(c) = 2*c**3 + 62*c**2 - 83*c - 615. Calculate h(-32).
-7
Let k(x) = x**3 - 16*x**2 + 488*x - 2990. What is k(7)?
-15
Let m(b) = 7557*b - 30191. Determine m(4).
37
Let c(b) = -12812*b + 19. Calculate c(0).
19
Let m(i) = 90791*i + 16160801. What is m(-178)?
3
Let w(d) = 483*d - 24920. Determine w(51).
-287
Let i(z) = 10881*z - 174091. Give i(16).
5
Let k(i) = i**3 + 3*i**2 - 55*i + 129. Give k(3).
18
Let l(u) = -1130*u - 72278. What is l(-64)?
42
Let f(y) = 4682*y + 571219. Determine f(-122).
15
Let b(z) = z**2 + 94*z + 2629. Calculate b(-41).
456
Let t(m) = -3*m**3 - 1135*m**2 + 20985*m - 1239. What is t(-396)?
-51
Let c(k) = k**3 + 23*k**2 - 4155*k - 98633. What is c(-24)?
511
Let n(v) = -13583*v**2 - 40763*v - 50. What is n(-3)?
-8
Let m(f) = -f**3 + 46*f**2 - 208*f + 41. What is m(41)?
-82
Let s(x) = 11*x**3 + 263*x**2 - 83*x - 1405. Give s(-24).
11
Let h(u) = 18459*u - 146080. Give h(8).
1592
Let q(o) = 1027*o - 76998. Calculate q(75).
27
Let x(y) = 31176*y - 280589. Give x(9).
-5
Let n(h) = -516*h**2 + 630*h - 1. Give n(1).
113
Let m(x) = 8957*x + 32208. Determine m(-4).
-3620
Let x(v) = v**2 - 14488*v + 130309. Determine x(9).
-2
Let a(l) = 423*l + 1405. Give a(-3).
136
Let m(v) = 788*v - 100217. Give m(128).
647
Let i(c) = -c**3 + 9*c**2 + 2*c - 130. Determine i(0).
-130
Let t(m) = -43*m**3 + 8*m**2 + 533*m + 525. Give t(-1).
43
Let v(m) = m**3 + 40*m**2 - 14975*m + 134. Determine v(-144).
-10
Let m(x) = -43780*x + 4553145. Calculate m(104).
25
Let p(q) = -3*q**2 + 1212*q + 151175. Give p(504).
-25
Let j(n) = 318*n - 9492. What is j(30)?
48
Let w(r) = -5*r**2 + 153*r - 1129. Calculate w(18).
5
Let t(g) = 166*g + 6911. What is t(-42)?
-61
Let f(z) = -z**3 + 673*z**2 + 5477*z - 19742. Calculate f(681).
7
Let r(c) = -20*c**2 + 13238*c + 94999. Give r(669).
1
Let f(c) = 12*c**2 + 1437*c - 14444. What is f(10)?
1126
Let l(d) = 119542*d - 119485. Give l(1).
57
Let z(u) = -15*u**2 + 541*u - 382. Determine z(36).
-346
Let r(g) = 1442*g - 122580. What is r(85)?
-10
Let y(l) = 9*l**2 + 14*l + 55. Give y(-5).
210
Let l(i) = -18992*i + 75974. Give l(4).
6
Let c(o) = -1869*o - 84081. Determine c(-45).
24
Let z(t) = -16*t**2 - 50*t + 238. Calculate z(6).
-638
Let r(b) = -2*b**3 + 133*b**2 - 1886*b + 170. Calculate r(46).
170
Let p(g) = g**3 + 393*g**2 + 16596*g + 108815. Give p(-39).
5
Let z(i) = 159*i**2 - 2309*i - 6917. Calculate z(-3).
1441
Let c(y) = -13*y**3 + 263*y**2 + 311*y - 1545. Determine c(21).
576
Let f(m) = -1117*m**2 + 20129*m - 404. What is f(18)?
10
Let w(q) = q**3 - 39*q**2 - 10705*q - 123158. What is w(-78)?
4
Let p(j) = j**3 - 388*j**2 + 20543*j - 4286. Give p(63).
-2
Let c(w) = -8893*w + 969314. Calculate c(109).
-23
Let r(d) = -2542*d + 330434. What is r(130)?
-26
Let a(t) = 27*t**2 + 136*t + 594. Calculate a(-4).
482
Let n(v) = 12*v**2 - 25*v - 4321. Determine n(20).
-21
Let r(o) = -4*o**3 - 60*o**2 - 195*o - 1971. Calculate r(-14).
-25
Let w(m) = -1355*m + 188354. Give w(139).
9
Let c(m) = 74*m**2 + 257*m + 780. What is c(-10)?
5610
Let s(u) = 2*u**3 + 162*u**2 - 150*u + 1346. Give s(-82).
198
Let z(f) = 655*f + 1248. Give z(-5).
-2027
Let t(u) = -641*u**3 + 22*u**2 - 41*u + 21. Determine t(1).
-639
Let l(k) = 18030*k + 1694826. Give l(-94).
6
Let p(d) = 19*d**2 - 2669*d + 1225. Determine p(140).
-35
Let g(z) = z**3 - 39*z**2 - 154*z + 3662. Calculate g(44).
6566
Let v(q) = 2*q**3 - 256*q**2 - 510*q - 1298. Determine v(130).
2
Let u(t) = -27*t**3 - 45*t**2 - 62*t - 111. Give u(-2).
49
Let f(q) = 470230*q - 2351160. Determine f(5).
-10
Let h(f) = 1801*f - 97040. Give h(54).
214
Let m(d) = -69222*d + 692226. Give m(10).
6
Let b(n) = -n**3 - 15*n**2 - 75*n - 125. Calculate b(-15).
1000
Let q(n) = -3*n**3 + 33*n**2 + 2518*n - 35. Give q(-24).
13
Let b(j) = 2556*j - 48749. What is b(19)?
-185
Let w(d) = -7629*d**2 - 38140*d + 5. Calculate w(-5).
-20
Let x(i) = -212*i + 22219. Give x(103).
383
Let b(p) = -542*p + 35058. Give b(65).
-172
Let a(u) = -27*u**2 + 3*u + 989. Determine a(-6).
-1
Let z(a) = -57875*a + 752377. Give z(13).
2
Let q(j) = j**3 - 35*j**2 + 182*j - 3820. Calculate q(33).
8
Let k(h) = -h**2 - 372*h + 23475. Calculate k(55).
-10
Let f(o) = -82*o**2 + 9395*o + 28937. Give f(-3).
14
Let v(j) = -792*j**2 + 20597*j + 10. What is v(26)?
140
Let a(o) = 2780*o - 497616. Give a(179).
4
Let r(q) = q**3 - 63*q**2 + 821*q + 237. Give r(19).
-48
Let f(p) = 733*p - 58294. What is f(83)?
2545
Let c(b) = -60*b + 2204. Calculate c(45).
-496
Let w(j) = -2*j**3 + 2476*j**2 - 36670*j - 24451. What is w(1223)?
9
Let k(l) = -1646*l - 916782. What is k(-557)?
40
Let g(m) = -2*m**2 - 296*m - 10560. Calculate g(-60).
0
Let r(i) = -58*i**2 - 4755*i + 35. Calculate r(-82).
-47
Let l(x) = -2*x**3 - 93*x**2 - 49*x - 439. Calculate l(-46).
-301
Let f(c) = -76743*c - 2992976. Calculate f(-39).
1
Let k(d) = 169*d + 11442. Determine k(-68).
-50
Let y(c) = -c**3 + 18*c**2 + 734*c - 13201. Calculate y(18).
11
Let w(d) = -6141*d - 36606. Give w(-6).
240
Let r(m) = 2*m**2 - 58*m - 2243. Calculate r(-29).
1121
Let k(g) = -3*g**3 + 27*g**2 - 5*g - 1. Give k(14).
-3011
Let g(b) = -b**3 + 10*b**2 + 2438*b - 24379. Calculate g(10).
1
Let j(m) = 6*m**3 - 369*m**2 - 566*m - 67. What is j(63)?
-4
Let j(u) = 9*u**3 - 103*u**2 + 1335*u - 2334. Calculate j(2).
-4
Let d(a) = 3948*a**2 + 23672*a - 81. What is d(-6)?
15
Let a(c) = -5*c**3 - 109*c**2 - 17*c + 214. Give a(-23).
3779
Let b(h) = -160*h + 616. Calculate b(19).
-2424
Let z(x) = -2*x**3 + 102*x**2 + 127*x - 1283. What is z(52)?
-87
Let s(b) = -7757*b + 12923166. Calculate s(1666).
4
Let g(o) = 11038*o + 2991298. Determine g(-271).
0
Let i(q) = 7443*q**2 + 44645*q - 95. Give i(-6).
-17
Let n(l) = 309*l**3 + 306*l**2 - 6*l - 6. Give n(-1).
-3
Let z(f) = f**3 - 775*f**2 - 4722*f - 189. Determine z(-6).
27
Let r(v) = -11*v**2 + 4172*v - 327555. Calculate r(111).
6
Let v(l) = -659*l + 5933. What is v(9)?
2
Let g(q) = 2*q**3 + 355*q**2 - 219*q - 7532. Determine g(-178).
-234
Let b(g) = -5622*g + 1085047. What is b(193)?
1
Let i(s) = 172845*s - 1037076. Calculate i(6).
-6
Let s(z) = 2*z**2 - 193*z - 4497. Determine s(-20).
163
Let y(v) = 10*v**2 + 2077*v - 4830. Determine y(-210).
0
Let m(g) = -17876*g - 2270244. What is m(-127)?
8
Let a(o) = -4*o**2 - 972*o + 20975. Calculate a(20).
-65
Let k(y) = 4*y**2 - 18840*y - 113051. What is k(-6)?
133
Let p(x) = -14*x**3 - 13*x**2 + 49*x - 39. What is p(2)?
-105
Let u(i) = -2*i**3 - 25*i**2 - 36*i - 1663. Determine u(-15).
2
Let s(o) = 138374*o + 691880. Determine s(-5).
10
Let t(u) = -547*u - 25655. Calculate t(-45).
-1040
Let a(x) = x**2 - 1386*x + 18134. Calculate a(13).
285
Let o(a) = -2*a**2 - 5601*a + 152697. Determine o(27).
12
Let x(f) = -2*f**3 + 515*f**2 + 770*f + 1847. Determine x(259).
34
Let n(u) = 2*u**2 - 4113*u - 172004. What is n(-41)?
-9
Let s(y) = -170*y + 13690. Calculate s(93).
-2120
Let h(o) = -9*o**3 - 134*o**2 + 35*o - 185. Calculate h(-15).
-485
Let d(a) = 5100*a**2 + 10699*a + 2. Determine d(-2).
-996
Let f(a) = 55*a**2 + 473*a + 485. What is f(-6)?
-373
Let q(k) = 5*k**3 - 700*k**2 + 574*k - 80363. Give q(140).
-3
Let h(y) = 275521*y - 3030805. What is h(11)?
-74
Let h(f) = -4*f**2 - 385*f + 48206. Determine h(-168).
-10
Let v(r) = r**3 + 78*r**2 + 626*r + 55689. Calculate